y?
6
Let q(y) = y**2 - 10. Let a be q(0). Let k = a + 14. What is the units digit of k?
4
Let m(l) = -l**3 + 7*l**2 + l + 6. What is the tens digit of m(6)?
4
Let a(n) = 3*n**2 - 10*n + 15. What is the tens digit of a(6)?
6
What is the tens digit of (-186)/(-4) + 8/(-16)?
4
Let g be (-1*2)/2 + -7. Let d = g + 4. Let t = d + 8. What is the units digit of t?
4
Let t(i) = -i**3 - 3*i**2 - 2*i - 4. Suppose -n - 2*n + 9 = 0. Suppose -3*h = 2*x + 13, 2 = -n*x - 4. What is the units digit of t(h)?
2
What is the units digit of (-6)/(-5 - 464/(-94))?
4
Suppose 0*d = 4*d. Suppose d = -5*n + 39 + 66. What is the tens digit of n?
2
Let h(z) = -z + 2. Let r be h(-10). Let f be 32/r - 4/6. Suppose -f*i + 10 = -8. What is the units digit of i?
9
Let d = -19 + 59. What is the units digit of d?
0
Let p(x) = 16*x**3 - 1. Let f be p(-1). What is the tens digit of (-7 - -4)/3*f?
1
Suppose -1284 - 540 = -8*j. What is the tens digit of j?
2
Let w be 3 + (24 + 1 - -1). Suppose -109 - w = -3*n. What is the units digit of n?
6
Suppose 0*g - 5*g = 45. What is the units digit of (-22)/(-18) + 2/g?
1
Let s = -1 - -2. Let o be (s - 1)*(-2)/4. Suppose 10 = -5*l, -a + 3*l + o*l + 15 = 0. What is the units digit of a?
9
Let y(m) = m**2 + 24. Let h be y(0). What is the units digit of 320/h + (-1)/3?
3
What is the tens digit of 3/((-3)/(-4)) + 80?
8
Suppose 0 = -5*u + 3*v + 161, -3 = -3*v - 9. What is the units digit of u?
1
Suppose 0 = 3*n + k - 4, 0*k + 7 = -n - 2*k. Let p = n + 4. What is the units digit of p?
7
Suppose 3*q = -2*p + 503, -5*p - 111 = -2*q - 1416. What is the hundreds digit of p?
2
Suppose 2*b + 3*f = 27, -13 = -4*f - 1. Suppose -7 - b = -h + 2*d, 15 = 3*d. What is the units digit of h?
6
Let v = -3 + 4. Suppose f - 1 = v. Suppose f*k = -0*i - 5*i + 12, 3*i = -4*k - 4. What is the units digit of i?
4
Suppose -150 = -4*r - r. Let p be r/7 - 4/14. Suppose 0 = -p*u + 16 + 12. What is the units digit of u?
7
Let n(m) = 48*m - 24. What is the hundreds digit of n(7)?
3
Suppose -6*j = z - 2*j - 22, -5*z - 2*j + 74 = 0. What is the tens digit of z?
1
Let z = -11 - -23. Suppose 2*r + 4 - z = 0. Suppose 0 = -r*c + 29 + 31. What is the tens digit of c?
1
Let y(m) = -m**2 + 13*m + 1. What is the tens digit of y(10)?
3
Suppose -4*i = -5 - 107. What is the tens digit of i?
2
Suppose 5*v - 136 = -4*h, -3*h - 3*v = -116 + 17. Suppose -3*c + h = 2. What is the tens digit of ((-33)/c)/((-3)/9)?
1
Let q = -15 - -3. Suppose -4*x + 6 = 2. What is the units digit of (-4)/(q/15)*x?
5
Let j(f) be the first derivative of f**6/120 - f**5/20 + f**4/6 - f**3/3 + f**2 - 1. Let q(i) be the second derivative of j(i). What is the tens digit of q(3)?
1
Let d(i) = i**2 - 5*i + 1. What is the units digit of d(6)?
7
Let o(z) = -2*z - 7. Let r be o(-5). Let d be 0*-2*r/6. Suppose g - 3*g + 4 = d, -k + 32 = 5*g. What is the tens digit of k?
2
Suppose 59 + 495 = 2*z. What is the tens digit of z?
7
Let o be (2 - 1)*3 + 77. Suppose -6*p + o = -2*p. What is the units digit of p?
0
Suppose -22 = -l - 18. What is the units digit of ((-6)/(-9))/(l/12)?
2
What is the tens digit of (1 - -78)*1 - 1?
7
Suppose -3*t + 5*d = -24, 3*t + t + 3 = -5*d. Suppose -t*f - 2*f - 53 = -4*p, -3*p + 2*f = -31. Let b(a) = -a**2 + 8*a - 2. What is the units digit of b(p)?
5
Let n(s) = 6*s**2 + 5*s + 5. What is the tens digit of n(-4)?
8
Let x = 10 - 14. Let p = 25 + x. What is the tens digit of p?
2
Suppose 457 = 3*y - 557. What is the units digit of y?
8
Let m(g) = -g. Let h(a) = -a + 1. Let w(f) = -f**3 + 5*f**2 - 2*f - 4. Let x be w(4). Let t(i) = x*h(i) - 3*m(i). What is the units digit of t(0)?
4
Suppose 0 = -12*g + 2565 + 603. What is the hundreds digit of g?
2
Suppose -4*j = -2*x + j + 12, -8 = -2*j. Suppose -17 + 7 = -2*b. Suppose -w = -b*o + 28, 3*o + 3*w - 4*w = x. What is the units digit of o?
6
Let g(x) = -1. Let o(d) = 2*d - 10. Let f(h) = -3*g(h) - o(h). Let q be f(-10). Suppose -4*b = -15 - q. What is the units digit of b?
2
Let p = 5 + -1. Suppose 3*f - 11 = -4*m, -p*m + 5*f + 3 = -0*f. Suppose 0 = 5*o - m*s - 87, -2*o + s = 4*s - 31. What is the units digit of o?
7
Let k(f) = f**3 + 3*f**2 - 2*f + 3. Let t be k(-4). Let z = t - -6. What is the units digit of z?
1
Let w(r) = -3*r + 27. Let p(h) = 13*h - 109. Let f(b) = 2*p(b) + 9*w(b). What is the tens digit of f(0)?
2
Suppose 3*b - b - 426 = -2*q, -q - 3 = 0. What is the hundreds digit of b?
2
Suppose -4*h + 4 = 0, -3*h - h = 4*q - 1204. What is the units digit of q?
0
Let u be 1*-4*(3 - 1). What is the tens digit of -3*(u + 3)*1?
1
Let m be 1*(6/2 - 2). Suppose -2 = -b + m. What is the units digit of b?
3
Let t(o) be the second derivative of o**4/12 - 5*o**3/6 + 3*o**2/2 + o. Let s be t(5). Suppose 3*u = 2*u + 2*l, s*l - 13 = -5*u. What is the units digit of u?
2
Let v(w) = 16*w**2 + 7*w + 4. What is the tens digit of v(-3)?
2
Let j = -6 - -8. Suppose 3*z - j*z - 4 = -3*o, 16 = 4*z. Suppose -3*n = 4*f - o*n - 35, 3*f + 5*n - 18 = 0. What is the units digit of f?
1
Let x be 4/(8/(-6)) - -8. Suppose 5*k + 0*l - 13 = -2*l, l = x*k - 16. What is the units digit of k?
3
Let j = 8 + -4. Suppose -5*m + 4*r = -34 + j, -4*r = -20. What is the tens digit of m?
1
Let b = -18 - -35. Let i = 12 + b. What is the tens digit of i?
2
Suppose 16*x - 6*x - 930 = 0. What is the units digit of x?
3
Let k(d) = -d + 1. Let p(w) = -5*w + 4. Let q(c) = -4*k(c) + p(c). Let j be (-7)/1*(-3)/(-3). What is the units digit of q(j)?
7
Let w(m) = 18*m**2 - m. What is the units digit of w(-3)?
5
Let n(x) = 5*x**2 + x - 2. Let f(i) = -1. Let k(z) = -3*f(z) + n(z). What is the units digit of k(2)?
3
Let q = 78 + -49. Let b = -9 + q. What is the units digit of b?
0
Suppose -4*t + 2 = -6. Suppose -2 = -r + t. What is the units digit of r?
4
Let c be 67 - (-4)/(-1 + -1). Suppose 0 = -v + 6*v - c. What is the units digit of v?
3
Suppose 45 = -2*h + 3*h. Suppose -h = -6*l + l. What is the units digit of (-62)/(-6) + (-3)/l?
0
Suppose 4*f + 14 = 606. What is the hundreds digit of f?
1
Let f = 17 - 1. What is the units digit of f?
6
Suppose y + 27 = 4*y. Let g = -4 + y. Suppose 0 = -5*t - 3*r - r + 28, -g*t + r = -43. What is the units digit of t?
8
Let u(y) = -5 + 4 + y**2 + 2. Let m = -7 + 4. What is the units digit of u(m)?
0
What is the units digit of (-174)/(-15) + 4/10?
2
Let h(k) = -k**3 + 8*k**2 + 13*k. Let u be h(9). Suppose u = s - 2*s. What is the tens digit of (s/(-15))/(2/10)?
1
What is the tens digit of ((16 - 17) + 127/7)*14?
4
Suppose -2*m - 4*i + 0*i + 54 = 0, 2*m - 5*i - 63 = 0. What is the units digit of m?
9
Let s(p) = -p**2 - 6*p + 5. What is the units digit of s(-6)?
5
Let g be (0 + (-5)/2)*-2. Suppose 3*l - 3 = 3. Suppose g*j - 27 = l*j. What is the units digit of j?
9
Suppose 0 = 2*i + 4, i = 2*x - 3*x + 27. What is the units digit of x?
9
Let s = 5 - 10. Let y = 23 + -32. Let k = s - y. What is the units digit of k?
4
Let h be 16/(-10) + 8/(-20). Let p be 3/(-6) - (-15)/h. What is the units digit of (-2)/p - (-38)/8?
5
Let c = -12 + 12. Suppose -2*i + 2*k + 50 = c, 5*i - 84 - 37 = k. What is the tens digit of i?
2
Let c(j) = j**2 + 3*j - 4. Let z be c(-4). Suppose 2*g + z - 12 = 0. What is the units digit of (-2)/(-4)*(g + -2)?
2
Let g = -33 - -37. What is the units digit of g?
4
Let t be ((-1)/2)/((-4)/24). Let n(v) be the second derivative of v**5/20 - v**4/4 + v**3/6 + 2*v. What is the units digit of n(t)?
3
Suppose 250 = 5*m - 275. What is the tens digit of m?
0
Suppose -5*n + 2*p - p = -289, -n + 2*p + 56 = 0. Suppose -n = -4*g + 2. What is the units digit of g?
5
Suppose -12*r + 265 = -7*r. What is the units digit of r?
3
Suppose 0 = -3*j + 3 + 12. Suppose 0 = -j*x - 0*x. Suppose 3*m - 24 = -x*m. What is the units digit of m?
8
Suppose 4*z + 4*c = 108, 0*c + 4*c - 8 = 0. What is the units digit of z?
5
Suppose -2*w = w - 4*u - 38, -3*w = -2*u - 34. Suppose -6*t = -w*t + 48. What is the tens digit of t?
1
Let r(l) = l**3 + 8*l**2 + 5*l + 1. What is the tens digit of r(-6)?
4
Let a = -1 - -3. Suppose -a*l + 20 = 4*j, -5*l + 50 = -3*j - 0*j. What is the tens digit of l?
1
Let o(y) = -25*y - 1. Let n be o(-1). Suppose -2*v = -3*h - n, h - 17 = -3*v - 3. Suppose -30 = 3*k - v*k. What is the tens digit of k?
1
Let m = -50 + 70. Suppose m = 5*v - 5. Suppose v*o = 30 